nd 141823.
11
What is the greatest common factor of 1400 and 5500?
100
What is the greatest common divisor of 588 and 16800?
84
What is the greatest common divisor of 50861 and 1991?
181
What is the greatest common factor of 8 and 23096?
8
What is the greatest common factor of 13 and 1640535?
13
Calculate the greatest common factor of 217986 and 7614.
282
Calculate the highest common factor of 330948 and 464.
116
What is the highest common factor of 6 and 94791?
3
What is the greatest common factor of 112 and 131894?
14
What is the highest common divisor of 55 and 365860?
55
What is the greatest common factor of 12110 and 97440?
70
What is the greatest common factor of 924794 and 130?
26
Calculate the greatest common divisor of 2985734 and 62.
62
Calculate the highest common divisor of 223942 and 246.
82
What is the greatest common divisor of 13653712 and 16?
16
Calculate the highest common factor of 2275 and 6045.
65
Calculate the greatest common factor of 4 and 3009004.
4
Calculate the highest common factor of 1644216 and 8.
8
Calculate the highest common divisor of 67000 and 9200.
200
Calculate the greatest common divisor of 212585 and 410.
205
What is the greatest common divisor of 49 and 56399?
49
What is the highest common factor of 6678 and 4914?
126
Calculate the greatest common divisor of 3385071 and 711.
711
Calculate the greatest common factor of 17388 and 280.
28
What is the greatest common divisor of 3519 and 2897310?
1173
What is the highest common divisor of 33710 and 50?
10
What is the highest common divisor of 4984 and 1232?
56
What is the highest common factor of 165 and 99?
33
Calculate the highest common divisor of 225 and 49125.
75
Calculate the highest common factor of 22 and 2703591.
11
Calculate the greatest common divisor of 43 and 4859.
43
What is the greatest common factor of 627782 and 284?
142
Calculate the greatest common divisor of 73780 and 486710.
1190
Calculate the highest common divisor of 27115 and 690965.
935
What is the highest common factor of 5238 and 1067?
97
What is the highest common divisor of 16974 and 328?
82
Calculate the greatest common factor of 157404 and 312.
156
Calculate the highest common factor of 100815 and 423.
141
What is the highest common divisor of 3250 and 60250?
250
Calculate the highest common factor of 112 and 143696.
112
Calculate the greatest common factor of 631904 and 8060.
1612
What is the greatest common factor of 469998 and 18?
18
Calculate the highest common factor of 56 and 196.
28
What is the greatest common factor of 165066 and 13542?
366
Calculate the greatest common divisor of 268 and 34103.
67
Calculate the highest common divisor of 50879 and 83.
83
What is the highest common factor of 232584 and 3168?
264
What is the highest common factor of 283581 and 3?
3
Calculate the greatest common divisor of 175642 and 212.
106
Calculate the greatest common factor of 34743 and 111.
111
What is the greatest common factor of 97093 and 453?
151
Calculate the highest common factor of 290134 and 130.
26
Calculate the greatest common divisor of 262332 and 567.
189
What is the highest common divisor of 1190 and 1470?
70
What is the highest common divisor of 20439 and 72?
9
Calculate the highest common divisor of 13074 and 24.
6
What is the highest common factor of 616 and 28104?
8
What is the highest common factor of 102287 and 1165?
233
What is the greatest common divisor of 872464 and 4464?
496
Calculate the highest common factor of 152 and 210596.
76
What is the highest common factor of 384 and 4432?
16
Calculate the greatest common factor of 1908060 and 11.
11
Calculate the highest common divisor of 452799 and 9.
9
Calculate the greatest common factor of 7 and 599144.
7
What is the highest common divisor of 216 and 111624?
24
Calculate the highest common factor of 108 and 11691.
27
Calculate the greatest common factor of 6162 and 858.
78
What is the greatest common factor of 10412 and 1140?
76
What is the greatest common factor of 4636 and 6344?
244
Calculate the greatest common divisor of 1953 and 62217.
279
Calculate the greatest common divisor of 4182 and 714.
102
Calculate the greatest common divisor of 42 and 491694.
42
What is the greatest common factor of 166 and 31291?
83
What is the greatest common divisor of 1207248 and 112?
112
What is the greatest common factor of 121237 and 451?
41
What is the greatest common factor of 3142645 and 55?
55
Calculate the highest common factor of 40 and 398270.
10
Calculate the highest common factor of 9396 and 196.
4
Calculate the highest common factor of 134416 and 11408.
496
What is the highest common factor of 387 and 5733?
9
What is the highest common divisor of 544 and 197404?
68
What is the greatest common factor of 172 and 2072?
4
Calculate the greatest common factor of 2583 and 16947.
63
Calculate the highest common divisor of 690 and 570.
30
Calculate the greatest common factor of 8225 and 1981.
7
Calculate the greatest common factor of 5754 and 1302.
42
What is the highest common divisor of 686322 and 144?
18
Calculate the greatest common factor of 15500 and 21452.
124
Calculate the highest common divisor of 3772 and 31096.
92
Calculate the highest common factor of 183 and 762.
3
What is the highest common divisor of 18882 and 612?
18
Calculate the greatest common divisor of 45 and 9375315.
15
Calculate the highest common divisor of 26 and 555997.
13
Calculate the greatest common factor of 8916381 and 577.
577
Calculate the highest common divisor of 4380 and 13092.
12
What is the highest common divisor of 30 and 43750?
10
Calculate the greatest common divisor of 184647 and 61.
61
What is the greatest common factor of 280836 and 522?
522
Calculate the highest common divisor of 2765 and 15155.
35
What is the highest common factor of 928266 and 524?
262
What is the greatest common factor of 63336 and 1014?
78
Calculate the highest common factor of 5243 and 588.
49
What is the highest common divisor of 2898 and 1134?
126
What is the greatest common factor of 80 and 1896?
8
What is the greatest common divisor of 3094 and 16796?
442
What is the greatest common divisor of 16048 and 28560?
272
What is the highest common factor of 446456 and 8?
8
What is the greatest common divisor of 350071 and 849?
283
Calculate the greatest common divisor of 2548 and 21788.
52
Calculate the highest common factor of 10 and 102.
2
What is the greatest common divisor of 3018010 and 1190?
170
What is the highest common divisor of 72 and 97776?
72
Calculate the greatest common factor of 2296492 and 352.
44
What is the highest common factor of 1050 and 39753?
21
Calculate the greatest common factor of 73545 and 165.
15
What is the greatest common factor of 83937 and 308340?
1713
Calculate the greatest common divisor of 12 and 42.
6
What is the greatest common divisor of 1782 and 1728?
54
What is the greatest common factor of 133334 and 163?
163
Calculate the greatest common divisor of 25570 and 280.
10
What is the highest common divisor of 2076 and 872439?
519
Calculate the greatest common factor of 29646 and 4026.
366
Calculate the highest common divisor of 1313 and 4901429.
1313
What is the greatest common factor of 126412 and 110?
22
What is the highest common divisor of 320 and 4135?
5
Calculate the highest common divisor of 2048460 and 60.
60
Calculate the greatest common divisor of 2271696 and 56.
56
Calculate the highest common factor of 24077 and 2.
1
What is the greatest common factor of 245 and 51695?
245
Calculate the greatest common factor of 3120252 and 516.
516
Calculate the greatest common factor of 3870 and 59770.
430
Calculate the highest common divisor of 47 and 26474489.
47
Calculate the highest common divisor of 1910 and 150.
10
Calculate the greatest common divisor of 111978 and 36.
18
Calculate the highest common factor of 48 and 20220.
12
Calculate the greatest common divisor of 8708 and 4.
4
Calculate the greatest common divisor of 260 and 9180.
20
Calculate the greatest common factor of 524 and 488.
4
Calculate the highest common factor of 3941266 and 786.
262
Calculate the greatest common divisor of 777 and 9435.
111
What is the highest common factor of 60490 and 1840?
230
Calculate the highest common factor of 41706 and 1.